{"id":185,"date":"2024-05-19T19:50:34","date_gmt":"2024-05-19T19:50:34","guid":{"rendered":"https:\/\/rcradovanek.cz\/?page_id=185"},"modified":"2025-11-30T14:08:13","modified_gmt":"2025-11-30T14:08:13","slug":"zuzana-cermakova","status":"publish","type":"page","link":"https:\/\/rcradovanek.cz\/?page_id=185","title":{"rendered":"Zuzana \u010cerm\u00e1kov\u00e1"},"content":{"rendered":"\n<h4 class=\"wp-block-heading\">Telefon: +420 737 052 319<\/h4>\n\n\n\n<div class=\"wp-block-columns is-layout-flex wp-container-core-columns-is-layout-9d6595d7 wp-block-columns-is-layout-flex\">\n<div class=\"wp-block-column is-layout-flow wp-block-column-is-layout-flow\" style=\"flex-basis:66.66%\">\n<p>Lektorka Individu\u00e1ln\u00edho cvi\u010den\u00ed s Fyzioterapeutkou&nbsp;a Voln\u00e9 herny pro rodi\u010de s d\u011btmi.<\/p>\n<\/div>\n\n\n\n<div class=\"wp-block-column is-layout-flow wp-block-column-is-layout-flow\" style=\"flex-basis:33.33%\">\n<figure class=\"wp-block-image size-full\"><img loading=\"lazy\" decoding=\"async\" width=\"878\" height=\"878\" src=\"https:\/\/rcradovanek.cz\/wp-content\/uploads\/2024\/06\/cermakova.jpg\" alt=\"\" class=\"wp-image-222\" srcset=\"https:\/\/rcradovanek.cz\/wp-content\/uploads\/2024\/06\/cermakova.jpg 878w, https:\/\/rcradovanek.cz\/wp-content\/uploads\/2024\/06\/cermakova-300x300.jpg 300w, https:\/\/rcradovanek.cz\/wp-content\/uploads\/2024\/06\/cermakova-150x150.jpg 150w, https:\/\/rcradovanek.cz\/wp-content\/uploads\/2024\/06\/cermakova-768x768.jpg 768w, https:\/\/rcradovanek.cz\/wp-content\/uploads\/2024\/06\/cermakova-60x60.jpg 60w\" sizes=\"auto, (max-width: 878px) 100vw, 878px\" \/><\/figure>\n<\/div>\n<\/div>\n\n\n\n<p>Vede tak\u00e9 Individu\u00e1ln\u00ed cvi\u010den\u00ed s fyzioterapeutkou:<\/p>\n\n\n\n<figure class=\"wp-block-image size-large\"><img loading=\"lazy\" decoding=\"async\" width=\"724\" height=\"1024\" src=\"https:\/\/rcradovanek.cz\/wp-content\/uploads\/2025\/08\/Fyzio-2-724x1024.png\" alt=\"\" class=\"wp-image-1168\" srcset=\"https:\/\/rcradovanek.cz\/wp-content\/uploads\/2025\/08\/Fyzio-2-724x1024.png 724w, https:\/\/rcradovanek.cz\/wp-content\/uploads\/2025\/08\/Fyzio-2-212x300.png 212w, https:\/\/rcradovanek.cz\/wp-content\/uploads\/2025\/08\/Fyzio-2-768x1086.png 768w, https:\/\/rcradovanek.cz\/wp-content\/uploads\/2025\/08\/Fyzio-2-1086x1536.png 1086w, https:\/\/rcradovanek.cz\/wp-content\/uploads\/2025\/08\/Fyzio-2-42x60.png 42w, https:\/\/rcradovanek.cz\/wp-content\/uploads\/2025\/08\/Fyzio-2.png 1414w\" sizes=\"auto, (max-width: 724px) 100vw, 724px\" \/><\/figure>\n\n\n\n<p><\/p>\n","protected":false},"excerpt":{"rendered":"<p>Telefon: +420 737 052 319 Lektorka Individu\u00e1ln\u00edho cvi\u010den\u00ed s Fyzioterapeutkou&nbsp;a Voln\u00e9 herny pro rodi\u010de s d\u011btmi. Vede tak\u00e9 Individu\u00e1ln\u00ed cvi\u010den\u00ed s fyzioterapeutkou:<\/p>\n","protected":false},"author":1,"featured_media":0,"parent":93,"menu_order":0,"comment_status":"closed","ping_status":"closed","template":"","meta":{"footnotes":""},"class_list":["post-185","page","type-page","status-publish","hentry","latest_post"],"_links":{"self":[{"href":"https:\/\/rcradovanek.cz\/index.php?rest_route=\/wp\/v2\/pages\/185","targetHints":{"allow":["GET"]}}],"collection":[{"href":"https:\/\/rcradovanek.cz\/index.php?rest_route=\/wp\/v2\/pages"}],"about":[{"href":"https:\/\/rcradovanek.cz\/index.php?rest_route=\/wp\/v2\/types\/page"}],"author":[{"embeddable":true,"href":"https:\/\/rcradovanek.cz\/index.php?rest_route=\/wp\/v2\/users\/1"}],"replies":[{"embeddable":true,"href":"https:\/\/rcradovanek.cz\/index.php?rest_route=%2Fwp%2Fv2%2Fcomments&post=185"}],"version-history":[{"count":6,"href":"https:\/\/rcradovanek.cz\/index.php?rest_route=\/wp\/v2\/pages\/185\/revisions"}],"predecessor-version":[{"id":1288,"href":"https:\/\/rcradovanek.cz\/index.php?rest_route=\/wp\/v2\/pages\/185\/revisions\/1288"}],"up":[{"embeddable":true,"href":"https:\/\/rcradovanek.cz\/index.php?rest_route=\/wp\/v2\/pages\/93"}],"wp:attachment":[{"href":"https:\/\/rcradovanek.cz\/index.php?rest_route=%2Fwp%2Fv2%2Fmedia&parent=185"}],"curies":[{"name":"wp","href":"https:\/\/api.w.org\/{rel}","templated":true}]}}