{"id":826,"date":"2024-09-05T19:28:06","date_gmt":"2024-09-05T19:28:06","guid":{"rendered":"https:\/\/rcradovanek.cz\/?page_id=826"},"modified":"2024-09-05T19:40:53","modified_gmt":"2024-09-05T19:40:53","slug":"tabor-2024","status":"publish","type":"page","link":"https:\/\/rcradovanek.cz\/?page_id=826","title":{"rendered":"T\u00e1bor 2024"},"content":{"rendered":"\n<h5 class=\"wp-block-heading\"><a href=\"http:\/\/rcradovanek.cz\/foto\/tabor-garnataurus-2024.zip\">Cel\u00e1 galerie ke sta\u017een\u00ed<\/a><\/h5>\n","protected":false},"excerpt":{"rendered":"<p>Cel\u00e1 galerie ke sta\u017een\u00ed<\/p>\n","protected":false},"author":1,"featured_media":0,"parent":29,"menu_order":0,"comment_status":"closed","ping_status":"closed","template":"","meta":{"footnotes":""},"class_list":["post-826","page","type-page","status-publish","hentry","latest_post"],"_links":{"self":[{"href":"https:\/\/rcradovanek.cz\/index.php?rest_route=\/wp\/v2\/pages\/826","targetHints":{"allow":["GET"]}}],"collection":[{"href":"https:\/\/rcradovanek.cz\/index.php?rest_route=\/wp\/v2\/pages"}],"about":[{"href":"https:\/\/rcradovanek.cz\/index.php?rest_route=\/wp\/v2\/types\/page"}],"author":[{"embeddable":true,"href":"https:\/\/rcradovanek.cz\/index.php?rest_route=\/wp\/v2\/users\/1"}],"replies":[{"embeddable":true,"href":"https:\/\/rcradovanek.cz\/index.php?rest_route=%2Fwp%2Fv2%2Fcomments&post=826"}],"version-history":[{"count":2,"href":"https:\/\/rcradovanek.cz\/index.php?rest_route=\/wp\/v2\/pages\/826\/revisions"}],"predecessor-version":[{"id":831,"href":"https:\/\/rcradovanek.cz\/index.php?rest_route=\/wp\/v2\/pages\/826\/revisions\/831"}],"up":[{"embeddable":true,"href":"https:\/\/rcradovanek.cz\/index.php?rest_route=\/wp\/v2\/pages\/29"}],"wp:attachment":[{"href":"https:\/\/rcradovanek.cz\/index.php?rest_route=%2Fwp%2Fv2%2Fmedia&parent=826"}],"curies":[{"name":"wp","href":"https:\/\/api.w.org\/{rel}","templated":true}]}}